{"id":415,"date":"2021-12-08T16:39:15","date_gmt":"2021-12-08T15:39:15","guid":{"rendered":"https:\/\/cougam.com\/jeudutock\/?page_id=415"},"modified":"2021-12-08T16:42:19","modified_gmt":"2021-12-08T15:42:19","slug":"mentions-legales","status":"publish","type":"page","link":"https:\/\/cougam.com\/jeudutock\/index.php\/accueil\/mentions-legales\/","title":{"rendered":"Mentions L\u00e9gales"},"content":{"rendered":"\n<p>COUGAM<\/p>\n\n\n\n<p>Email : <a href=\"mailto:info@cougam.com\">info@cougam.com<\/a><\/p>\n\n\n\n<p>Directeur de publication : Cougam<\/p>\n\n\n\n<p>Photos : Copyright&nbsp;Cougam, tous droits r\u00e9serv\u00e9s<\/p>\n\n\n\n<p>Le site a \u00e9t\u00e9 commandit\u00e9 par&nbsp;Cougam.<br>Le site Internet&nbsp;<a href=\"http:\/\/www.tock.fr\">www.tock.fr<\/a>&nbsp;est la propri\u00e9t\u00e9 exclusive de Cougam.<br>La consultation du site est subordonn\u00e9e \u00e0 l\u2019acceptation int\u00e9grale et au respect par les internautes, des conditions d\u2019utilisation suivantes. L\u2019internaute s\u2019engage d\u2019ores et d\u00e9j\u00e0 \u00e0 faire des informations contenues sur le site un usage personnel et non commercial. En cas de non-respect des dispositions de la pr\u00e9sente Charte, par l\u2019internaute, sa responsabilit\u00e9 civile et\/ou p\u00e9nale pourrai(en)t se voir engag\u00e9e(s).<\/p>\n\n\n\n<p>1 \u2013 Contenu du Site<\/p>\n\n\n\n<p>Le site est exploit\u00e9 par&nbsp;Cougam.<br>Site de pr\u00e9sentation des activit\u00e9s et services de&nbsp;Cougam.<\/p>\n\n\n\n<p>2 \u2013 Propri\u00e9t\u00e9 intellectuelle<\/p>\n\n\n\n<p>Le site constitue une \u0153uvre dont&nbsp;Cougam&nbsp;est l\u2019auteur au sens des articles L111.1 et suivants du Code de propri\u00e9t\u00e9 intellectuelle.<\/p>\n\n\n\n<p>De mani\u00e8re g\u00e9n\u00e9rale, les donn\u00e9es, les programmes, les \u00e9chantillons musicaux, les textes, les informations, les logos, les identit\u00e9s visuelles, les images anim\u00e9es ou non et leurs mises en forme apparaissant sur le site sont la propri\u00e9t\u00e9 de&nbsp;Cougam&nbsp;et sont prot\u00e9g\u00e9es \u00e0 ce titre par les dispositions du Code de la propri\u00e9t\u00e9 intellectuelle.<\/p>\n\n\n\n<p>Tout internaute s\u2019engage \u00e0 ne pas les utiliser et \u00e0 ne permettre \u00e0 quiconque d\u2019utiliser ces contenus \u00e0 des fins ill\u00e9gales.<\/p>\n\n\n\n<p>Toute repr\u00e9sentation ou reproduction, totale ou partielle, permanente ou temporaire, sur un support informatique et\/ou papier, et par quelque proc\u00e9d\u00e9 que ce soit (notamment par voie de framing*), de l\u2019un ou l\u2019autre des \u00e9l\u00e9ments du site ou des services propos\u00e9s \u00e0 la vente, sans l\u2019accord pr\u00e9alable et expr\u00e8s de&nbsp;Cougam&nbsp;est interdite, et constitue un acte de contrefa\u00e7on, qui pourra entra\u00eener des condamnations civiles et\/ou p\u00e9nales. Seule l\u2019impression papier est autoris\u00e9e aux fins de copie priv\u00e9e \u00e0 l\u2019usage exclusif du copiste au sens de l\u2019article L122-5 2\u00b0 du Code de propri\u00e9t\u00e9 intellectuelle.<\/p>\n\n\n\n<p>Aucun lien hypertexte vers le site ne peut \u00eatre install\u00e9 sans l\u2019accord pr\u00e9alable et expr\u00e8s de Cougam.<\/p>\n\n\n\n<p>*action de capter le contenu de pages d\u2019un site Internet pour le transf\u00e9rer sur son propre site Internet par le biais d\u2019un lien hypertexte, en faisant appara\u00eetre ledit contenu comme le sien.<\/p>\n\n\n\n<p>3 \u2013 Protection des donn\u00e9es personnelles<\/p>\n\n\n\n<p>L\u2019internaute peut \u00eatre amen\u00e9 \u00e0 d\u00e9poser certaines donn\u00e9es personnelles en r\u00e9pondant aux formulaires qui lui sont propos\u00e9s. La saisie de ces donn\u00e9es est n\u00e9cessaire au traitement de la demande de l\u2019internaute par&nbsp;Cougam.<\/p>\n\n\n\n<p>Cougam s\u2019engage \u00e0 respecter les dispositions de la loi n\u00b078-17 du 6 janvier 1978 relative \u00e0 l\u2019informatique, aux fichiers et aux libert\u00e9s modifi\u00e9e et prendre toute pr\u00e9caution n\u00e9cessaire pour pr\u00e9server la s\u00e9curit\u00e9 des informations nominatives confi\u00e9es. Les informations \u00e0 caract\u00e8re personnel pourront \u00eatre communiqu\u00e9es \u00e0 des soci\u00e9t\u00e9s tierces sans accord pr\u00e9alable.<\/p>\n\n\n\n<p>4 \u2013 Les cookies<\/p>\n\n\n\n<p>L\u2019utilisateur est inform\u00e9 que lors de ses visites sur le site, un cookie peut s\u2019installer automatiquement sur son logiciel de navigation. Un cookie est un \u00e9l\u00e9ment qui ne permet pas d\u2019identifier l\u2019utilisateur mais sert \u00e0 enregistrer des informations relatives \u00e0 la navigation de celui-ci sur le site Internet. Le param\u00e9trage de votre logiciel de navigation permet d\u2019informer de la pr\u00e9sence de cookies et \u00e9ventuellement de la refuser.<\/p>\n\n\n\n<p>Ce site utilise Google Analytics, un service d\u2019analyse de site Internet fourni par Google Inc. Google Analytics utilise des cookies, qui sont des fichiers texte plac\u00e9s sur votre ordinateur, pour aider le site internet \u00e0 analyser l\u2019utilisation du site par ses utilisateurs. Les donn\u00e9es g\u00e9n\u00e9r\u00e9es par les cookies concernant votre utilisation du site (y compris votre adresse IP) seront transmises et stock\u00e9es par Google sur des serveurs. Google utilisera cette information dans le but d\u2019\u00e9valuer votre utilisation du site, de compiler des rapports sur l\u2019activit\u00e9 du site \u00e0 destination de son \u00e9diteur et de fournir d\u2019autres services relatifs \u00e0 l\u2019activit\u00e9 du site et \u00e0 l\u2019utilisation d\u2019Internet. Google est susceptible de communiquer ces donn\u00e9es \u00e0 des tiers en cas d\u2019obligation l\u00e9gale ou lorsque ces tiers traitent ces donn\u00e9es pour le compte de Google, y compris notamment l\u2019\u00e9diteur de ce site. Google ne recoupera pas votre adresse IP avec toute autre donn\u00e9e d\u00e9tenue par Google. Vous pouvez d\u00e9sactiver l\u2019utilisation de cookies en s\u00e9lectionnant les param\u00e8tres appropri\u00e9s de votre navigateur. Cependant, une telle d\u00e9sactivation pourrait emp\u00eacher l\u2019utilisation de certaines fonctionnalit\u00e9s de ce site. En utilisant ce site Internet, vous consentez express\u00e9ment au traitement de vos donn\u00e9es nominatives par Google dans les conditions et pour les finalit\u00e9s d\u00e9crites ci-dessus.<\/p>\n\n\n\n<p>5 \u2013 Responsabilit\u00e9<\/p>\n\n\n\n<p>Cougam d\u00e9cline toute responsabilit\u00e9 quant aux \u00e9ventuels dysfonctionnements pouvant survenir sur le site et entra\u00eener une perte de donn\u00e9es ou une indisponibilit\u00e9 de l\u2019acc\u00e8s aux informations produites sur celui-ci.<\/p>\n\n\n\n<p>Les \u00e9l\u00e9ments pr\u00e9sent\u00e9s sur le site sont susceptibles de modification sans pr\u00e9avis et sont mis \u00e0 la disposition des internautes, sans aucune garantie d\u2019aucune sorte, expresse ou tacite.<\/p>\n\n\n\n<p>La pr\u00e9sence de liens hypertextes pr\u00e9sents sur le site \u2013 quelque soit l\u2019existence pr\u00e9alable ou non de l\u2019accord de&nbsp;Cougam&nbsp;\u2013 ne cr\u00e9e pas une solidarit\u00e9 de responsabilit\u00e9 entre celle-ci et les propri\u00e9taires des autres sites, quant au contenu des sites sur lesquels est redirig\u00e9 l\u2019internaute.<\/p>\n\n\n\n<p>Cougam ne peut garantir l\u2019exhaustivit\u00e9 et la v\u00e9racit\u00e9 des informations pr\u00e9sentes sur le site. De la m\u00eame mani\u00e8re, il ne peut garantir l\u2019absence de modification par un tiers (intrusion, virus).<\/p>\n\n\n\n<p>En outre, l\u2019internaute est seul responsable de l\u2019utilisation qu\u2019il fait du contenu du site. Sauf faute grave exclusive de&nbsp;Cougam, sa responsabilit\u00e9 ne peut \u00eatre engag\u00e9e pour des dommages directs et indirects li\u00e9s \u00e0 l\u2019utilisation des informations produites sur le Site.<\/p>\n\n\n\n<p>6 \u2013 Loi applicable et comp\u00e9tence judiciaire<\/p>\n\n\n\n<p>L\u2019ensemble des informations diffus\u00e9 sur le site et l\u2019utilisation qui en est faite sont soumis exclusivement au droit fran\u00e7ais. Seuls les tribunaux relevant du ressort de la Cour d\u2019appel d\u2019Angers sont comp\u00e9tents pour conna\u00eetre des \u00e9ventuels litiges li\u00e9s \u00e0 l\u2019utilisation du site.<\/p>\n\n\n\n<p><strong>D\u00e9veloppement du site :<\/strong><\/p>\n\n\n\n<p>Cougam<\/p>\n\n\n\n<p><strong>H\u00e9bergement du site :<\/strong><\/p>\n\n\n\n<p><strong>OVH<\/strong><\/p>\n\n\n\n<p><a href=\"http:\/\/www.ovh.com\">http:\/\/www.ovh.com<\/a><\/p>\n\n\n\n<p>Mise \u00e0 jour le&nbsp;1 d\u00e9cembre 2021<\/p>\n\n\n\n<p><\/p>\n","protected":false},"excerpt":{"rendered":"<p>COUGAM Email : info@cougam.com Directeur de publication : Cougam Photos : Copyright&nbsp;Cougam, tous droits r\u00e9serv\u00e9s Le site a \u00e9t\u00e9 commandit\u00e9 par&nbsp;Cougam.Le site Internet&nbsp;www.tock.fr&nbsp;est la propri\u00e9t\u00e9 exclusive de Cougam.La consultation du site est subordonn\u00e9e \u00e0 l\u2019acceptation int\u00e9grale et au respect par les internautes, des conditions d\u2019utilisation suivantes. L\u2019internaute s\u2019engage d\u2019ores et d\u00e9j\u00e0 \u00e0 faire des informations &hellip; <\/p>\n<p class=\"link-more\"><a href=\"https:\/\/cougam.com\/jeudutock\/index.php\/accueil\/mentions-legales\/\" class=\"more-link\">Continuer la lecture<span class=\"screen-reader-text\"> de &laquo;&nbsp;Mentions L\u00e9gales&nbsp;&raquo;<\/span><\/a><\/p>\n","protected":false},"author":1,"featured_media":0,"parent":52,"menu_order":0,"comment_status":"closed","ping_status":"closed","template":"","meta":{"footnotes":""},"class_list":["post-415","page","type-page","status-publish","hentry"],"yoast_head":"<!-- This site is optimized with the Yoast SEO plugin v27.5 - https:\/\/yoast.com\/product\/yoast-seo-wordpress\/ -->\n<title>Mentions L\u00e9gales - Jeu du Tock<\/title>\n<meta name=\"robots\" content=\"index, follow, max-snippet:-1, max-image-preview:large, max-video-preview:-1\" \/>\n<link rel=\"canonical\" href=\"https:\/\/cougam.com\/jeudutock\/index.php\/accueil\/mentions-legales\/\" \/>\n<meta property=\"og:locale\" content=\"fr_FR\" \/>\n<meta property=\"og:type\" content=\"article\" \/>\n<meta property=\"og:title\" content=\"Mentions L\u00e9gales - Jeu du Tock\" \/>\n<meta property=\"og:description\" content=\"COUGAM Email : info@cougam.com Directeur de publication : Cougam Photos : Copyright&nbsp;Cougam, tous droits r\u00e9serv\u00e9s Le site a \u00e9t\u00e9 commandit\u00e9 par&nbsp;Cougam.Le site Internet&nbsp;www.tock.fr&nbsp;est la propri\u00e9t\u00e9 exclusive de Cougam.La consultation du site est subordonn\u00e9e \u00e0 l\u2019acceptation int\u00e9grale et au respect par les internautes, des conditions d\u2019utilisation suivantes. L\u2019internaute s\u2019engage d\u2019ores et d\u00e9j\u00e0 \u00e0 faire des informations &hellip; Continuer la lecture de &laquo;&nbsp;Mentions L\u00e9gales&nbsp;&raquo;\" \/>\n<meta property=\"og:url\" content=\"https:\/\/cougam.com\/jeudutock\/index.php\/accueil\/mentions-legales\/\" \/>\n<meta property=\"og:site_name\" content=\"Jeu du Tock\" \/>\n<meta property=\"article:modified_time\" content=\"2021-12-08T15:42:19+00:00\" \/>\n<meta name=\"twitter:card\" content=\"summary_large_image\" \/>\n<meta name=\"twitter:label1\" content=\"Dur\u00e9e de lecture estim\u00e9e\" \/>\n\t<meta name=\"twitter:data1\" content=\"5 minutes\" \/>\n<script type=\"application\/ld+json\" class=\"yoast-schema-graph\">{\"@context\":\"https:\\\/\\\/schema.org\",\"@graph\":[{\"@type\":\"WebPage\",\"@id\":\"https:\\\/\\\/cougam.com\\\/jeudutock\\\/index.php\\\/accueil\\\/mentions-legales\\\/\",\"url\":\"https:\\\/\\\/cougam.com\\\/jeudutock\\\/index.php\\\/accueil\\\/mentions-legales\\\/\",\"name\":\"Mentions L\u00e9gales - Jeu du Tock\",\"isPartOf\":{\"@id\":\"https:\\\/\\\/cougam.com\\\/jeudutock\\\/#website\"},\"datePublished\":\"2021-12-08T15:39:15+00:00\",\"dateModified\":\"2021-12-08T15:42:19+00:00\",\"breadcrumb\":{\"@id\":\"https:\\\/\\\/cougam.com\\\/jeudutock\\\/index.php\\\/accueil\\\/mentions-legales\\\/#breadcrumb\"},\"inLanguage\":\"fr-FR\",\"potentialAction\":[{\"@type\":\"ReadAction\",\"target\":[\"https:\\\/\\\/cougam.com\\\/jeudutock\\\/index.php\\\/accueil\\\/mentions-legales\\\/\"]}]},{\"@type\":\"BreadcrumbList\",\"@id\":\"https:\\\/\\\/cougam.com\\\/jeudutock\\\/index.php\\\/accueil\\\/mentions-legales\\\/#breadcrumb\",\"itemListElement\":[{\"@type\":\"ListItem\",\"position\":1,\"name\":\"Accueil\",\"item\":\"https:\\\/\\\/cougam.com\\\/jeudutock\\\/\"},{\"@type\":\"ListItem\",\"position\":2,\"name\":\"ACCUEIL\",\"item\":\"https:\\\/\\\/cougam.com\\\/jeudutock\\\/\"},{\"@type\":\"ListItem\",\"position\":3,\"name\":\"Mentions L\u00e9gales\"}]},{\"@type\":\"WebSite\",\"@id\":\"https:\\\/\\\/cougam.com\\\/jeudutock\\\/#website\",\"url\":\"https:\\\/\\\/cougam.com\\\/jeudutock\\\/\",\"name\":\"Jeu du Tock\",\"description\":\"\",\"publisher\":{\"@id\":\"https:\\\/\\\/cougam.com\\\/jeudutock\\\/#organization\"},\"potentialAction\":[{\"@type\":\"SearchAction\",\"target\":{\"@type\":\"EntryPoint\",\"urlTemplate\":\"https:\\\/\\\/cougam.com\\\/jeudutock\\\/?s={search_term_string}\"},\"query-input\":{\"@type\":\"PropertyValueSpecification\",\"valueRequired\":true,\"valueName\":\"search_term_string\"}}],\"inLanguage\":\"fr-FR\"},{\"@type\":\"Organization\",\"@id\":\"https:\\\/\\\/cougam.com\\\/jeudutock\\\/#organization\",\"name\":\"TOCK\",\"url\":\"https:\\\/\\\/cougam.com\\\/jeudutock\\\/\",\"logo\":{\"@type\":\"ImageObject\",\"inLanguage\":\"fr-FR\",\"@id\":\"https:\\\/\\\/cougam.com\\\/jeudutock\\\/#\\\/schema\\\/logo\\\/image\\\/\",\"url\":\"https:\\\/\\\/tock.fr\\\/wp-content\\\/uploads\\\/2017\\\/01\\\/cropped-logo-Jeu-du-Tock-grand.jpg\",\"contentUrl\":\"https:\\\/\\\/tock.fr\\\/wp-content\\\/uploads\\\/2017\\\/01\\\/cropped-logo-Jeu-du-Tock-grand.jpg\",\"width\":545,\"height\":250,\"caption\":\"TOCK\"},\"image\":{\"@id\":\"https:\\\/\\\/cougam.com\\\/jeudutock\\\/#\\\/schema\\\/logo\\\/image\\\/\"}}]}<\/script>\n<!-- \/ Yoast SEO plugin. -->","yoast_head_json":{"title":"Mentions L\u00e9gales - Jeu du Tock","robots":{"index":"index","follow":"follow","max-snippet":"max-snippet:-1","max-image-preview":"max-image-preview:large","max-video-preview":"max-video-preview:-1"},"canonical":"https:\/\/cougam.com\/jeudutock\/index.php\/accueil\/mentions-legales\/","og_locale":"fr_FR","og_type":"article","og_title":"Mentions L\u00e9gales - Jeu du Tock","og_description":"COUGAM Email : info@cougam.com Directeur de publication : Cougam Photos : Copyright&nbsp;Cougam, tous droits r\u00e9serv\u00e9s Le site a \u00e9t\u00e9 commandit\u00e9 par&nbsp;Cougam.Le site Internet&nbsp;www.tock.fr&nbsp;est la propri\u00e9t\u00e9 exclusive de Cougam.La consultation du site est subordonn\u00e9e \u00e0 l\u2019acceptation int\u00e9grale et au respect par les internautes, des conditions d\u2019utilisation suivantes. L\u2019internaute s\u2019engage d\u2019ores et d\u00e9j\u00e0 \u00e0 faire des informations &hellip; Continuer la lecture de &laquo;&nbsp;Mentions L\u00e9gales&nbsp;&raquo;","og_url":"https:\/\/cougam.com\/jeudutock\/index.php\/accueil\/mentions-legales\/","og_site_name":"Jeu du Tock","article_modified_time":"2021-12-08T15:42:19+00:00","twitter_card":"summary_large_image","twitter_misc":{"Dur\u00e9e de lecture estim\u00e9e":"5 minutes"},"schema":{"@context":"https:\/\/schema.org","@graph":[{"@type":"WebPage","@id":"https:\/\/cougam.com\/jeudutock\/index.php\/accueil\/mentions-legales\/","url":"https:\/\/cougam.com\/jeudutock\/index.php\/accueil\/mentions-legales\/","name":"Mentions L\u00e9gales - Jeu du Tock","isPartOf":{"@id":"https:\/\/cougam.com\/jeudutock\/#website"},"datePublished":"2021-12-08T15:39:15+00:00","dateModified":"2021-12-08T15:42:19+00:00","breadcrumb":{"@id":"https:\/\/cougam.com\/jeudutock\/index.php\/accueil\/mentions-legales\/#breadcrumb"},"inLanguage":"fr-FR","potentialAction":[{"@type":"ReadAction","target":["https:\/\/cougam.com\/jeudutock\/index.php\/accueil\/mentions-legales\/"]}]},{"@type":"BreadcrumbList","@id":"https:\/\/cougam.com\/jeudutock\/index.php\/accueil\/mentions-legales\/#breadcrumb","itemListElement":[{"@type":"ListItem","position":1,"name":"Accueil","item":"https:\/\/cougam.com\/jeudutock\/"},{"@type":"ListItem","position":2,"name":"ACCUEIL","item":"https:\/\/cougam.com\/jeudutock\/"},{"@type":"ListItem","position":3,"name":"Mentions L\u00e9gales"}]},{"@type":"WebSite","@id":"https:\/\/cougam.com\/jeudutock\/#website","url":"https:\/\/cougam.com\/jeudutock\/","name":"Jeu du Tock","description":"","publisher":{"@id":"https:\/\/cougam.com\/jeudutock\/#organization"},"potentialAction":[{"@type":"SearchAction","target":{"@type":"EntryPoint","urlTemplate":"https:\/\/cougam.com\/jeudutock\/?s={search_term_string}"},"query-input":{"@type":"PropertyValueSpecification","valueRequired":true,"valueName":"search_term_string"}}],"inLanguage":"fr-FR"},{"@type":"Organization","@id":"https:\/\/cougam.com\/jeudutock\/#organization","name":"TOCK","url":"https:\/\/cougam.com\/jeudutock\/","logo":{"@type":"ImageObject","inLanguage":"fr-FR","@id":"https:\/\/cougam.com\/jeudutock\/#\/schema\/logo\/image\/","url":"https:\/\/tock.fr\/wp-content\/uploads\/2017\/01\/cropped-logo-Jeu-du-Tock-grand.jpg","contentUrl":"https:\/\/tock.fr\/wp-content\/uploads\/2017\/01\/cropped-logo-Jeu-du-Tock-grand.jpg","width":545,"height":250,"caption":"TOCK"},"image":{"@id":"https:\/\/cougam.com\/jeudutock\/#\/schema\/logo\/image\/"}}]}},"_links":{"self":[{"href":"https:\/\/cougam.com\/jeudutock\/index.php\/wp-json\/wp\/v2\/pages\/415","targetHints":{"allow":["GET"]}}],"collection":[{"href":"https:\/\/cougam.com\/jeudutock\/index.php\/wp-json\/wp\/v2\/pages"}],"about":[{"href":"https:\/\/cougam.com\/jeudutock\/index.php\/wp-json\/wp\/v2\/types\/page"}],"author":[{"embeddable":true,"href":"https:\/\/cougam.com\/jeudutock\/index.php\/wp-json\/wp\/v2\/users\/1"}],"replies":[{"embeddable":true,"href":"https:\/\/cougam.com\/jeudutock\/index.php\/wp-json\/wp\/v2\/comments?post=415"}],"version-history":[{"count":1,"href":"https:\/\/cougam.com\/jeudutock\/index.php\/wp-json\/wp\/v2\/pages\/415\/revisions"}],"predecessor-version":[{"id":416,"href":"https:\/\/cougam.com\/jeudutock\/index.php\/wp-json\/wp\/v2\/pages\/415\/revisions\/416"}],"up":[{"embeddable":true,"href":"https:\/\/cougam.com\/jeudutock\/index.php\/wp-json\/wp\/v2\/pages\/52"}],"wp:attachment":[{"href":"https:\/\/cougam.com\/jeudutock\/index.php\/wp-json\/wp\/v2\/media?parent=415"}],"curies":[{"name":"wp","href":"https:\/\/api.w.org\/{rel}","templated":true}]}}